1 a prime number?
False
Is 75030889 composite?
False
Is 152066891 composite?
False
Is 7140707 prime?
False
Is 120690923 prime?
True
Is 871219 a composite number?
True
Is 33560539 composite?
False
Is 74946271 a composite number?
False
Is 2484673 a composite number?
False
Is 4674767 a composite number?
False
Is 21482817 a composite number?
True
Is 277177687 prime?
True
Is 1556429 composite?
True
Is 82697998 a composite number?
True
Is 60346313 a prime number?
True
Is 204933 composite?
True
Is 235494317 a composite number?
True
Is 42096071 prime?
False
Is 222761023 composite?
True
Is 26818357 prime?
True
Is 7506481 a composite number?
True
Is 8411459 prime?
False
Is 87794709 a prime number?
False
Is 2605823 composite?
True
Is 14001971 composite?
False
Is 110406059 prime?
True
Is 2038873 prime?
False
Is 122201 prime?
True
Is 255319 a prime number?
False
Is 2751647 a prime number?
True
Is 11274203 a prime number?
False
Is 44248937 a composite number?
False
Is 2371991 prime?
True
Is 134960663 a prime number?
True
Is 4156631 a prime number?
False
Is 621043 a prime number?
True
Is 640891 composite?
False
Is 30195166 prime?
False
Is 43028333 a prime number?
True
Is 1974413 a prime number?
False
Is 94549379 composite?
False
Is 45569 composite?
False
Is 2404513 a composite number?
True
Is 87199921 prime?
True
Is 480911 prime?
True
Is 20708223 a prime number?
False
Is 889747 composite?
False
Is 11122307 prime?
False
Is 1374343661 a prime number?
True
Is 5283679 prime?
False
Is 706457 composite?
True
Is 2849551 a composite number?
True
Is 41415181 a composite number?
False
Is 190389061 composite?
True
Is 151674841 prime?
True
Is 2347667 a prime number?
False
Is 44928427 composite?
True
Is 3001085797 composite?
False
Is 6442489 a composite number?
True
Is 78895873 composite?
True
Is 2648419 prime?
True
Is 4950067 prime?
True
Is 750289 composite?
True
Is 5400869 a composite number?
True
Is 1974889 a prime number?
False
Is 7274695 composite?
True
Is 17784751 a composite number?
True
Is 191573089 a composite number?
False
Is 269257 prime?
True
Is 1870622993 composite?
False
Is 164357 composite?
False
Is 18237755 a composite number?
True
Is 249063467 prime?
True
Is 82285009 prime?
True
Is 130762873 a composite number?
False
Is 2966423 a composite number?
True
Is 95475097 prime?
False
Is 2094929 a prime number?
True
Is 4024913 composite?
True
Is 236201243 a composite number?
False
Is 12753529 a composite number?
True
Is 17468513 prime?
True
Is 27870441 a composite number?
True
Is 1158063649 prime?
True
Is 57150629 a composite number?
False
Is 453899 composite?
True
Is 23369141 composite?
True
Is 7543351 a composite number?
False
Is 29344943 a prime number?
True
Is 547951 a composite number?
False
Is 16670741 composite?
True
Is 66221 prime?
True
Is 7871881 composite?
True
Is 174664729 composite?
True
Is 383763161 a prime number?
False
Is 67014179 a prime number?
True
Is 3067483 prime?
True
Is 672781 composite?
False
Is 1294339 a composite number?
False
Is 68261 prime?
True
Is 8161903 prime?
True
Is 269618122 prime?
False
Is 1658933 prime?
False
Is 82465057 composite?
True
Is 3568349 prime?
False
Is 2840417 prime?
True
Is 806761 a prime number?
True
Is 1561073 prime?
False
Is 2063017 a composite number?
True
Is 3786703 a prime number?
True
Is 13483585 composite?
True
Is 6828177 composite?
True
Is 10814003 a composite number?
True
Is 8967853 composite?
False
Is 12856813 composite?
False
Is 103912411 composite?
True
Is 4933127 prime?
True
Is 43838891 a prime number?
True
Is 28165493 prime?
True
Is 58294933 a composite number?
False
Is 841055 prime?
False
Is 913982477 prime?
True
Is 6273623 a prime number?
True
Is 4409747 prime?
True
Is 185189 composite?
False
Is 49521919 composite?
False
Is 182333 a prime number?
True
Is 5663813 prime?
False
Is 192664634 a composite number?
True
Is 281053763 composite?
False
Is 25994173 a prime number?
False
Is 134202157 prime?
True
Is 3072389 a prime number?
False
Is 91673063 composite?
True
Is 17520661 composite?
False
Is 34779359 a composite number?
False
Is 4797167 prime?
True
Is 2392231 composite?
True
Is 15927973 a prime number?
True
Is 2814373 composite?
True
Is 10242637 a composite number?
False
Is 12195019 a composite number?
True
Is 101967961 a prime number?
True
Is 103878169 a prime number?
False
Is 38116597 a prime number?
False
Is 37989929 a prime number?
False
Is 404262613 a composite number?
True
Is 69723689 composite?
True
Is 924587 a composite number?
True
Is 167521 a prime number?
True
Is 57090179 a prime number?
True
Is 8225521 composite?
True
Is 63980471 a prime number?
True
Is 9548971 a composite number?
True
Is 3649511 a composite number?
False
Is 2424937 prime?
True
Is 12582893 a composite number?
False
Is 60305143 a prime number?
False
Is 965183473 a prime number?
False
Is 24612689 composite?
True
Is 43086023 a composite number?
False
Is 11616313 composite?
True
Is 247337 composite?
False
Is 12283693 prime?
False
Is 11247967 composite?
False
Is 14527281 prime?
False
Is 1272203 composite?
False
Is 5470583 a composite number?
True
Is 394951 prime?
False
Is 5194767 a composite number?
True
Is 471209129 a composite number?
False
Is 189984461 prime?
False
Is 4621381 prime?
True
Is 4332043 prime?
True
Is 756937 prime?
False
Is 115524373 composite?
False
Is 47824559 prime?
False
Is 2844421 a prime number?
True
Is 257948231 a prime number?
True
Is 7880783 a composite number?
False
Is 173348659 a composite number?
True
Is 6446387 a composite number?
False
Is 71791334 prime?
False
Is 5133659 prime?
True
Is 217706491 a prime number?
False
Is 3431089 composite?
False
Is 4564603 prime?
False
Is 8594623 a prime number?
True
Is 58565807 composite?
True
Is 47791789 prime?
True
Is 93154181 a composite number?
False
Is 24821197 composite?
True
Is 53432647 a prime number?
True
Is 3015118 a prime number?
False
Is 114766723 a composite number?
False
Is 82948643 prime?
True
Is 6939563 a prime number?
True
Is 324010957 a prime number?
True
Is 1132979 a composite number?
False
Is 2241691 a composite number?
False
Is 262923383 composite?
True
Is 30959967 a composite number?
True
Is 117141941 a composite number?
True
Is 27179 a composite number?
False
Is 403244539 prime?
False
Is 14541143 a composite number?
False
Is 14717639 composite?
False
Is 28991 a composite number?
True
Is 21249997 a composite number?
False
Is 437681869 a composite number?
True
Is 5434991 prime?
False
Is 12013559 prime?
False
Is 11978999 prime?
False
Is 549551 a composite number?
False
Is 3084239 a composite number?
True
Is 38366599 composite?
True
Is 443603 a composite number?
False
Is 291285491 a composite number?
True
Is 70249427 prime?
True
Is 2976549 a prime number?
False
Is 145831391 composite?
False
Is 462067 prime?
True
Is 4951489 prime?
False
Is 1322059 a composite number?
True
Is 1373503583 composite?
False
Is 49200605 a prime number?
False
Is 195723127 a composite number?
False
Is 52369753 a prime number?
True
Is 137522981 prime?
True
Is 62867867 a composite number?
False
Is 529680521 a prime number?
True
Is 1428109 a prime number?
True
Is 95537887 prime?
False
Is 7402201 prime?
True
Is 42012821 a prime number?
True
Is 9957307 a composite number?
False
Is 1370263 a composite number?
False
Is 38763301 prime?
False
Is 30186589 composite?
False
Is 15386923 prime?
True
Is 11049251 composite?
True
Is 230173937 composite?
True
Is 5745557 a composite number?
False
Is 31991989 prime?
True
Is 3622039 composite?
False
Is 960149 a composite number?
True
Is 3737543 a prime number?
True
Is 1616401 a prime number?
True
Is 31178417 a prime number?
True
Is 2953877 prime?
False
Is 316258 composite?
True
Is 1533591713 a composite number?
False
Is 2548877 a prime number?
True
Is 71134619 a prime number?
False
Is 2871103 composite?
True
Is 5536487 composite?
True
Is 560353723 composite?
False
Is 786085 a prime number?
False
Is 1377533 a composite number?
False
Is 2015201 prime?
True
Is 1130461 a prime number?
False
Is 58847701 a prime number?
False
Is 13761131 prime?
True
Is 186251159 prime?
True
Is 94070047 a prime number?
True
Is 92168669 composite?
True
Is 6070303 composite?
True
Is 15947587 a prime number?
True
Is 219770599 composite?
False
Is 916961 a prime num